0?
0
What is the thousands digit of 4442?
4
What is the units digit of 1974?
4
What is the thousands digit of 41276?
1
What is the thousands digit of 47324?
7
What is the tens digit of 13555?
5
What is the thousands digit of 1318?
1
What is the tens digit of 757?
5
What is the units digit of 18233?
3
What is the thousands digit of 47937?
7
What is the hundreds digit of 521?
5
What is the units digit of 45200?
0
What is the hundreds digit of 1002?
0
What is the tens digit of 2642?
4
What is the thousands digit of 34584?
4
What is the tens digit of 3117?
1
What is the hundreds digit of 54018?
0
What is the units digit of 1038?
8
What is the units digit of 6?
6
What is the hundreds digit of 2231?
2
What is the tens digit of 1065?
6
What is the hundreds digit of 5079?
0
What is the units digit of 6719?
9
What is the hundreds digit of 488?
4
What is the ten thousands digit of 94935?
9
What is the hundreds digit of 19530?
5
What is the tens digit of 16059?
5
What is the units digit of 6771?
1
What is the tens digit of 381?
8
What is the units digit of 7924?
4
What is the hundreds digit of 1838?
8
What is the hundreds digit of 2750?
7
What is the units digit of 2853?
3
What is the hundred thousands digit of 137134?
1
What is the thousands digit of 35948?
5
What is the units digit of 3078?
8
What is the units digit of 8886?
6
What is the hundreds digit of 4084?
0
What is the thousands digit of 23248?
3
What is the units digit of 9374?
4
What is the units digit of 3997?
7
What is the tens digit of 579?
7
What is the units digit of 493?
3
What is the hundreds digit of 636?
6
What is the tens digit of 28427?
2
What is the units digit of 6347?
7
What is the hundreds digit of 5388?
3
What is the hundreds digit of 6478?
4
What is the hundreds digit of 5357?
3
What is the units digit of 4005?
5
What is the tens digit of 13885?
8
What is the tens digit of 439?
3
What is the hundreds digit of 71631?
6
What is the tens digit of 508?
0
What is the tens digit of 3828?
2
What is the tens digit of 7817?
1
What is the ten thousands digit of 29575?
2
What is the tens digit of 111126?
2
What is the tens digit of 1881?
8
What is the ten thousands digit of 33622?
3
What is the tens digit of 1874?
7
What is the units digit of 1130?
0
What is the units digit of 16689?
9
What is the tens digit of 10427?
2
What is the thousands digit of 2679?
2
What is the tens digit of 25418?
1
What is the ten thousands digit of 172525?
7
What is the hundreds digit of 2889?
8
What is the thousands digit of 9056?
9
What is the units digit of 102861?
1
What is the ten thousands digit of 21362?
2
What is the hundreds digit of 5920?
9
What is the units digit of 1337?
7
What is the tens digit of 4867?
6
What is the tens digit of 786?
8
What is the units digit of 369?
9
What is the thousands digit of 9431?
9
What is the units digit of 11108?
8
What is the tens digit of 320?
2
What is the tens digit of 730?
3
What is the thousands digit of 1952?
1
What is the tens digit of 920?
2
What is the hundreds digit of 1065?
0
What is the tens digit of 1252?
5
What is the ten thousands digit of 37471?
3
What is the hundred thousands digit of 107648?
1
What is the units digit of 2361?
1
What is the thousands digit of 26984?
6
What is the tens digit of 950?
5
What is the units digit of 1969?
9
What is the thousands digit of 10588?
0
What is the tens digit of 873?
7
What is the thousands digit of 5448?
5
What is the units digit of 58656?
6
What is the tens digit of 11594?
9
What is the ten thousands digit of 15997?
1
What is the hundreds digit of 118982?
9
What is the thousands digit of 6730?
6
What is the thousands digit of 18271?
8
What is the thousands digit of 15887?
5
What is the units digit of 1235?
5
What is the ten thousands digit of 67163?
6
What is the tens digit of 671?
7
What is the hundreds digit of 1551?
5
What is the tens digit of 70232?
3
What is the hundreds digit of 5073?
0
What is the thousands digit of 5870?
5
What is the hundreds digit of 575?
5
What is the tens digit of 283?
8
What is the hundreds digit of 4503?
5
What is the thousands digit of 75473?
5
What is the hundreds digit of 977?
9
What is the tens digit of 424?
2
What is the tens digit of 2602?
0
What is the ten thousands digit of 89473?
8
What is the hundreds digit of 1015?
0
What is the units digit of 29085?
5
What is the tens digit of 359?
5
What is the thousands digit of 4553?
4
What is the tens digit of 31?
3
What is the ten thousands digit of 58774?
5
What is the tens digit of 1231?
3
What is the tens digit of 323?
2
What is the tens digit of 186?
8
What is the thousands digit of 1891?
1
What is the hundreds digit of 6612?
6
What is the hundreds digit of 1975?
9
What is the thousands digit of 3701?
3
What is the tens digit of 818?
1
What is the tens digit of 6646?
4
What is the tens digit of 2022?
2
What is the units digit of 159?
9
What is the tens digit of 2150?
5
What is the units digit of 15265?
5
What is the tens digit of 46?
4
What is the thousands digit of 1596?
1
What is the hundreds digit of 55824?
8
What is the hundreds digit of 546?
5
What is the units digit of 18902?
2
What is the units digit of 59973?
3
What is the units digit of 20544?
4
What is the thousands digit of 8584?
8
What is the tens digit of 1549?
4
What is the thousands digit of 1952?
1
What is the hundreds digit of 9934?
9
What is the tens digit of 46446?
4
What is the tens digit of 4440?
4
What is the hundreds digit of 739?
7
What is the thousands digit of 1851?
1
What is the units digit of 613?
3
What is the hundreds digit of 16123?
1
What is the hundreds digit of 694?
6
What is the hundreds digit of 2349?
3
What is the thousands digit of 13782?
3
What is the hundreds digit of 1261?
2
What is the thousands digit of 19483?
9
What is the tens digit of 9743?
4
What is the units digit of 280?
0
What is the thousands digit of 48350?
8
What is the ten thousands digit of 81537?
8
What is the thousands digit of 56143?
6
What is the hundreds digit of 36190?
1
What is the hundreds digit of 19292?
2
What is the units digit of 8721?
1
What is the units digit of 829?
9
What is the ten thousands digit of 48247?
4
What is the units digit of 406?
6
What is the tens digit of 67648?
4
What is the tens digit of 2172?
7
What is the hundreds digit of 5940?
9
What is the hundreds digit of 8392?
3
What is the thousands digit of 3613?
3
What is the tens digit of 206?
0
What is the units digit of 1221?
1
What is the units digit of 2020?
0
What is the ten thousands digit of 174451?
7
What is the hundreds digit of 2586?
5
What is the units digit of 58153?
3
What is the tens digit of 506?
0
What is the hundreds digit of 26727?
7
What is the units digit of 1210?
0
What is the thousands digit of 51039?
1
What is the tens digit of 19407?
0
What is the thousands digit of 2884?
2
What is the tens digit of 3070?
7
What is the hundreds digit of 1014?
0
What is the units digit of 2666?
6
What is the hundreds digit of 1345?
3
What is the tens digit of 990?
9
What is the units digit of 2932?
2
What is the ten thousands digit of 20888?
2
What is the units digit of 3763?
3
What is the thousands digit of 155060?
5
What is the units digit of 8931?
1
What is the units digit of 910?
0
What is the hundreds digit of 116938?
9
What is the tens digit of 17415?
1
What is the units digit of 3848?
8
What is the hundreds digit of 4339?
3
What is the hundreds digit of 65712?
7
What is the units digit of 1813?
3
What is the thousands digit of 3880?
3
What is the thousands digit of 11720?
1
What is the units digit of 88?
8
What is the tens digit of 8210?
1
What is the units digit of 4340?
0
What is the ten thousands digit of 30353?
3
What is the hundreds digit of 32978?
9
What is the hundreds digit of 22538?
5
What is the units digit of 11799?
9
What is the units digit of 2568?
8
What is the units digit of 19262?
2
What is the units digit of 11380?
0
What is the thousands digit of 23292?
3
What is the units digit of 3545?
5
What is the thousands digit of 76856?
6
What is the hundreds digit of 41821?
8
What is the hundreds digit of 35670?
6
What is the units digit of 26535?
5
What is the tens digit of 12084?
8
What is the ten thousands digit of 31612?
3
What is the hundreds digit of 227?
2
What 